 + -1*(3 + 1) + 6?
6
Let t = 5 + 100. Let j = 389 + -141. Let i = j - t. What is the tens digit of i?
4
Let l(k) = 2585*k - 2735. What is the units digit of l(9)?
0
Suppose 38*i - 190*i + 4731643 - 957635 = 0. What is the tens digit of i?
2
Suppose u + 6*x - 11550 = -u, 5*u - 5*x - 28815 = 0. What is the thousands digit of u?
5
Suppose 0 = 3*v + 210*d - 211*d - 131188, -8 = -4*d. What is the units digit of v?
0
Suppose 0 = -4*l - t + 34300, 4*l + 18*t = 19*t + 34292. What is the hundreds digit of l?
5
Let v(m) = -m**2 + 25*m - 35. Suppose i - 4*i + 6 = 0. Let n be (17/i)/((-6)/(-12)). What is the units digit of v(n)?
1
What is the hundreds digit of ((-15050)/(-75))/(5/210) - 10?
4
Suppose r = -30*r + 82*r - 76296. What is the tens digit of r?
9
Let x(j) = j**3 + 4*j**2 + j + 30. Let l be x(-6). What is the units digit of l/24 - 2/(-2)*8?
6
Suppose 0 = -6*o + 11*o + 2*u - 1681, 3*o - 1019 = 4*u. Suppose 0 = -4*a - 5*d + 366, 3*a + 2*d + 66 = o. What is the tens digit of a?
8
Let g be 1217*1*1/(5 - 4). Let l = g + -856. What is the hundreds digit of l?
3
Suppose -a = -3*a + 126. Suppose 6*l = 5*l + a. Let c = l - -84. What is the hundreds digit of c?
1
Let v = 20 + -22. Let x(d) = d**3 - 5*d**2 + 2. Let w be x(5). What is the units digit of (-8*w)/(1 + v)?
6
Let y = 2551 + 4447. What is the tens digit of y?
9
Suppose -2*z - 2*z + b = 596, 5*b = -4*z - 572. Let m be (z/6)/(6/(-9)). Let p = 38 - m. What is the units digit of p?
1
Suppose 4252 - 13611 = -7*o. Let b = -709 + o. What is the units digit of b?
8
Let y be (-24)/9*(356 - (5 - 3)). Let l = 1338 + y. What is the hundreds digit of l?
3
Let a(f) = 3904*f + 3473. What is the hundreds digit of a(13)?
2
Let f = -10853 + 12483. What is the hundreds digit of f?
6
Let h = -2 - -12. Let y be ((-4)/h)/((-14)/105). What is the units digit of (4 - (-6)/y) + 3?
9
Let v(w) = 6*w**3 - 3*w**2 - 4*w - 17. Let r be v(7). Let d = r + -1070. What is the hundreds digit of d?
7
Let l = -42 - -44. Suppose -p - 246 = 4*z, z + l*p + 72 = 7*p. Let k = z + 173. What is the units digit of k?
1
Let k(z) = 2*z**2 + 16*z + 2. Let c be k(-10). Let g = -43 + c. What is the units digit of (-555)/(-20) - g/4?
8
Suppose -2897626 - 4118589 = -325*a - 350140. What is the ten thousands digit of a?
2
Suppose 7*l = l - 7242. Let x = 1757 + l. What is the tens digit of x?
5
Let d = -38 - -40. Let p = d + 0. Suppose 8*l - 122 = 3*l + r, -5*l - p*r + 131 = 0. What is the tens digit of l?
2
Let a = 8 + 8. Let c(t) = -4 + t + 4 - 11 + 8 - 5. What is the units digit of c(a)?
8
Let v(x) = -1836*x + 492. What is the hundreds digit of v(-16)?
8
Let b(r) = 1528*r**2 - 8*r - 4. Let f be b(-1). Let y = f - 747. What is the tens digit of y?
8
Suppose -c + 2*c + 6 = p, -4*c = 2*p + 12. Let t = -4 + -2. What is the units digit of (t - c) + 84 + 1?
3
Let c be -4*3/12*-253. Suppose -4*l = t - 107 - c, 5*l + 5 = 0. What is the hundreds digit of t?
3
Suppose 39 + 257 = 37*c. Suppose 9 = 5*u - 6. Suppose 875 = -u*r + c*r. What is the hundreds digit of r?
1
Let i = 615 - -3154. Suppose -2963 - i = -12*o. What is the units digit of o?
1
Suppose 13*o - 8*o - 4*k = 2590, k - 2051 = -4*o. Suppose -3672 = -13*h + o. What is the units digit of h?
2
Let n be (0 + 1/(-3))/((-5)/60). Let w be n*2/(-16)*0/(-2). Suppose -p - 3*m + 4*m = -146, w = 5*p - 4*m - 727. What is the tens digit of p?
4
Let p(y) be the third derivative of 23*y**6/30 - y**5/12 + y**4/24 + 5*y**3/6 - 204*y**2. What is the hundreds digit of p(2)?
7
Let f = -484 + 486. Let a be (2/1)/(1/4). Suppose 389 = 4*h - a*n + 3*n, 0 = f*h - 5*n - 207. What is the tens digit of h?
9
Suppose 20*a - 15*a - 30 = 0. Suppose 19 = 2*p - 6*p + h, -a = 3*p + 2*h. What is the units digit of (-326)/p*2 + (3 - 4)?
2
Let n(l) = -l**2 - 50*l + 12. What is the hundreds digit of n(-13)?
4
Let f(x) = 2*x**3 - 63*x**2 + 10*x + 215. What is the thousands digit of f(32)?
1
Suppose -646*q + 40 = -641*q. Suppose q*u - 11*u = -420. What is the hundreds digit of u?
1
Let k(s) = -167 + 149*s + 95*s - 80*s + 29*s. What is the hundreds digit of k(7)?
1
Suppose -2349060 = -26858*f + 26816*f. What is the ten thousands digit of f?
5
What is the tens digit of ((-3536625)/(-750))/(1/2)?
3
Suppose -7*f + 73*f = 39930. Let t = f - 190. What is the tens digit of t?
1
Let q(r) = 7*r**2 - 3*r + 85. Let d(u) = u**2 + 1. Let p(o) = -6*d(o) + q(o). What is the tens digit of p(9)?
3
Let k = 1012 - -353. Let x = -661 + k. What is the units digit of x?
4
Suppose 5*q - 14 = -4. Let g(z) = 25*z**2 - 36*z + 37. Let y be g(7). Suppose q*i = 7*i - y. What is the units digit of i?
2
Let x(h) = -4*h + 26. Let o be x(10). What is the units digit of ((-36)/(-252) - (-4566)/o)/(-2)?
3
Let z be (-6 - -9) + 28080/(-9). Let l = 4500 + z. What is the tens digit of l?
8
Suppose -j - 2*o = 5, -j = 2*j - 2*o - 17. Suppose j*b + 39 = 3*u, 2*b + 39 = -b - 2*u. Let x(p) = -p**2 - 15*p - 16. What is the tens digit of x(b)?
1
Suppose 31*a + 14*a = 606960. What is the ten thousands digit of a?
1
Let s(p) = p**3 + 4*p**2 - p + 11. Let o be s(-5). Let u(i) = -15*i - 57. Let d be u(o). Suppose 17*x = 19*x - d. What is the tens digit of x?
3
Let j = 100 + -95. Suppose c = 5*k - 1380, -j*k = -10*k - 3*c + 1380. What is the tens digit of k?
7
Suppose o + 5*p = -174 - 34, -4*o = -5*p + 957. What is the units digit of 5/(-10) + o/(-2)?
6
Suppose -3*b + 0*b - 4*c = -1097, 5*c = -3*b + 1093. Suppose 0 = 2*q + 5*u - 269, 0 = 3*q - 0*q + u - b. What is the tens digit of q?
2
Let h(m) = -40*m**2 + 5*m + 7. Let a(o) = -120*o**2 + 14*o + 20. Let w(q) = -3*a(q) + 8*h(q). What is the tens digit of w(3)?
5
Let b(p) = 3*p**2 - 116*p + 511. What is the units digit of b(79)?
0
Suppose 1312 = 6*q - 19730. What is the tens digit of q?
0
Let g(s) = s**2 - 14*s + 6. Suppose 18 = -v + 3*v. Let b be g(v). What is the units digit of 3 - (-5)/((-15)/b)?
6
Suppose 3*i + i = -8, -3*o + 2*i + 952 = 0. Suppose z = -5*r + 53, 4*z + r - o + 85 = 0. Suppose c + z = 175. What is the units digit of c?
7
Suppose -4*u = 3*w - 25844, -5*u - w = -3*u - 12920. What is the units digit of u?
8
Suppose -11*j + 9*j = -4, 0 = 2*f - 2*j - 1592. What is the hundreds digit of 7/(f/(-12)) - (-22555)/19?
1
Let s = -90 + 98. Let r be (36/s - 4)/(3/(-6)). What is the units digit of r/(0 + (-2)/226)?
3
Suppose 0 = -2*w + 4*o + 14727 + 75471, -2*o + 90204 = 2*w. What is the units digit of w?
1
Suppose 30*y - 32*y + 20 = 0. Let j = y - 16. What is the units digit of ((-8)/j)/((-5)/(-570))?
2
Let z = 65046 + -31890. What is the units digit of z?
6
Let u(f) be the second derivative of f**5/20 + 2*f**4/3 + f**3/2 + 11*f**2 - 4*f. Let h be u(-10). What is the tens digit of (18/12)/((-3)/h)?
0
Suppose -5*r + 5 = -0*r. Let c be (r - (7 + 2))*-14. Suppose 3*t - 62 = c. What is the tens digit of t?
5
Suppose -20*f - 545 - 559 = 1896. Suppose -d - 274 = -0*d. Let m = f - d. What is the hundreds digit of m?
1
Let u(t) = -2*t**2 + 23*t - 17. Let d be u(8). Let i = 47 - d. What is the units digit of i?
8
Suppose -2*f + 4742 = 3*b, 11*b + 3174 = 13*b - 5*f. What is the units digit of b?
2
Suppose 0 = -59*l + 403951 + 83861. What is the units digit of l?
8
Suppose -14*m = -10*m - 2004. Let g = m - 353. What is the tens digit of g?
4
Let r(u) = u**2 - 4*u + 3. Let b be r(3). Suppose 8*c - 14*c + 1884 = b. Let t = 461 - c. What is the hundreds digit of t?
1
Let a(q) = q**3 + 27*q**2 - 55*q - 10. What is the units digit of a(-26)?
6
Suppose 15*z + 21*z = 238610 + 346210. What is the hundreds digit of z?
2
Let v(q) be the third derivative of q**5/12 - 5*q**4/3 + 2*q**3/3 + 13*q**2. Let o(s) be the first derivative of v(s). What is the hundreds digit of o(15)?
1
Let a(w) = w**3 + 2*w**2 + 5*w - 3. Let l = 267 - 261. What is the units digit of a(l)?
5
Let v(t) be the second derivative of t**4/12 - 4*t**3/3 - 53*t**2/2 + 18*t. Let c be v(12). What is the units digit of 5/25 - 834/c?
7
Let m = -167 + 167. Suppose -3*w + 1124 = 2*t, m*t + 3*t - 1669 = 4*w. What is the tens digit of t?
5
Let c(j) = j - 26. Let h be c(28). Suppose 0 = -4*r + 2*u + 2196, r = h*r + u - 543. What is the tens digit of r?
4
Let s(f) = 12*f - 25. Let b be s(-4). Let k = b - -72. What is the tens digit of -3 + 5 - (-62 + k)?
6
Let t be (-33)/(-11) + (-1 - -1239)/2. 